 be z(0). Let w = c + 191. List the prime factors of w.
2, 3, 5
Let w(u) = u**3 + 8*u**2 + 6*u - 1. Let a be w(-5). Let s be 1 + -1 - 9/(-3). Suppose r + a = s*r. What are the prime factors of r?
2, 11
Suppose -14*u + 32432 = -35272. List the prime factors of u.
2, 3, 13, 31
Let l be (-15)/9*-3 - 1. Suppose 0 + 16 = l*c. Suppose 3*o - 55 = -c*z, -3*z - 67 = -4*o - 2*z. What are the prime factors of o?
17
Let z be (-1758)/(-30) + (-3)/5. Suppose 0 = -k + g + 44, 2*k + 3*g - z = -g. List the prime factors of k.
3, 13
Let g(b) = -2*b - 5. Let w be g(-3). Let l be 2 + -6 + (w - -2). List the prime factors of (93/12)/(l/(-4)).
31
Suppose 4*q = 4, -3*c + 64 = -2*q - 81. List the prime factors of 4/14 - (-917)/c.
19
Let w(i) = 9*i**2 - 27 + 44 - 6*i - i**3 + 1. List the prime factors of w(8).
2, 17
Suppose 2*u - 11 = 5. Suppose c = -4, 25 = w - 3*c - u. What are the prime factors of w?
3, 7
Let x be -1 + -4 + 22 + 7. Suppose -d = 2*d - 18. Suppose -3*f + d*f - x = 0. What are the prime factors of f?
2
Suppose -44405 + 15167 = -22*v. List the prime factors of v.
3, 443
Let b(d) = -d**3 + 25*d**2 - 25*d + 36. List the prime factors of b(16).
2, 5, 97
Let j(s) be the first derivative of 6 - 3/2*s**2 - 1/4*s**4 - 6*s + 2*s**3. What are the prime factors of j(5)?
2
Suppose 17 = -0*y + 3*y + f, -4*f - 22 = -3*y. Let b(d) = 3*d**3 - 13*d**2 - 2*d - 11. What are the prime factors of b(y)?
157
Let i(p) = -p**3 + 11*p**2 + p - 19. Let d = 8 + -2. List the prime factors of i(d).
167
Suppose 3*m - 489 = 2*h + 647, -1925 = -5*m - 3*h. What are the prime factors of m?
2, 191
Let p(m) = -m**2 + 22*m - 38. Let a be p(20). What are the prime factors of (466/4 + -2)*(a + 0)?
229
List the prime factors of 12/(-14) + ((-55854)/(-42) - 11).
2, 659
Let o be ((-8)/20)/(1/(-10)). Suppose 3675 = -3*v - o*u, 4*u = -5*v - 0*u - 6117. List the prime factors of (-6)/27 - v/27.
3, 5
Suppose -4*f + 3*h - 31 = 0, 5 = -0*h + 5*h. Let m = f - -6. List the prime factors of 18 - (m - (-2 + 2)).
19
Suppose 3*r - 4*v - 9 = 38, 2*v - 9 = -r. Let x = r - 2. Suppose 5*b = 4*b + x. What are the prime factors of b?
11
Let l be (((-8)/6)/(-2))/((-4)/(-12)). What are the prime factors of 2930/15 + l/(-6)?
3, 5, 13
Suppose -4*u - 17604 = -31*u. List the prime factors of u.
2, 163
Suppose -5*d - 3*f = -d - 1, 0 = -d - 3*f - 11. List the prime factors of 137*(-7 + d - -4).
137
Let x = -776 + 2461. What are the prime factors of x?
5, 337
Let r(o) = -o**2 - 19*o - 32. Let q be r(-17). Let s(n) = -3*n - 1. Let z be s(-2). Suppose 24 = -q*m + z*m. What are the prime factors of m?
2
Suppose -24 = 11*x - 728. What are the prime factors of x?
2
Let j = -11 - -12. What are the prime factors of -1 - 17/j*-5?
2, 3, 7
Let p = -15 - -9. Let h be (-30)/(-4)*(-16)/p. Let n = h - -7. What are the prime factors of n?
3
Let x = -1 + 4. Suppose -k - 78 = -2*k. What are the prime factors of x/6 + k/4?
2, 5
Let g(d) = -8*d + 4. Let p be g(3). Suppose 167 = 5*k + 3*b + b, 5*k + 5*b = 165. Let q = k + p. List the prime factors of q.
3, 5
Suppose 0 = -5*z + 47 + 53. Let q be (z/(-25))/((-2)/10). List the prime factors of (-99)/(-6) + 2/q.
17
Suppose 5*d - 1451 = 3*w, 0 = -4*d + 3*w + 1048 + 114. Let h = d + -159. Suppose u + 2*u - o - h = 0, -3*o - 210 = -5*u. What are the prime factors of u?
3, 5
Suppose -13 = 5*p + 662. List the prime factors of p*(2 + (-14)/6).
3, 5
Let t be (-8)/32 + 5506/8. Suppose 72 + t = 5*h. What are the prime factors of h?
2, 19
Let b(v) = 34*v**2 + 5*v + 12 - 13*v - 24*v**2 - v**3. Let d be b(9). Suppose -z + d = -2*x + 5*x, 12 = -3*x. What are the prime factors of z?
3, 11
Let y = 102 + -106. What are the prime factors of ((-2)/y)/((-1)/(-218))?
109
List the prime factors of (-1)/(-7)*(-41 + 1630).
227
Let l = 10 - 7. Suppose -3*b + 5*h = 22, 10 = -2*h + 4*h. Suppose -l*d - b = -7. List the prime factors of d.
2
Let k be (-13)/(520/16)*(-6 + 1). Suppose -52 = -k*a - 4*o, 2*a - 56 = -o - o. What are the prime factors of a?
2, 3, 5
Suppose 14 = -4*j + 5*i, 3*j - 4*i - 7 = -9*i. Let k be j/(-2) - (-488)/(-16). List the prime factors of (-918)/k + (-3)/5.
2, 3, 5
Suppose 0 = -16*k - k + 5899. What are the prime factors of k?
347
Suppose 3*s - 3*k - 678 = 0, 45 + 637 = 3*s - 4*k. What are the prime factors of s?
2, 3, 37
Let b be (-5 + 6)*(14 - 0). Let u = -11 + b. Let p = u - -7. List the prime factors of p.
2, 5
Let z = -132 + 68. Let y = z - -181. What are the prime factors of y?
3, 13
Suppose 12*i = 4*i + 48. List the prime factors of 1696/(-24)*i/(-4).
2, 53
Let w = 7537 - 2877. List the prime factors of w.
2, 5, 233
Let x be (-637)/13*(-12)/14. Suppose l + l - x = 0. List the prime factors of l.
3, 7
Let p(w) = -2*w**3 - w**2 - 41*w - 7. List the prime factors of p(-7).
7, 131
Let y(l) = 3*l - 6. Let h(i) = -i. Let p(c) = -4*h(c) - y(c). Let m be p(-7). What are the prime factors of -2*(9 + 1)*m?
2, 5
Let k(x) = -3*x**2 + 11*x**3 - 15*x**3 + 2 + 2*x + 7*x**3 - x. List the prime factors of k(3).
59
Suppose 0 = 3*w - 4*n - 6507, 80*w + 4*n - 10845 = 75*w. List the prime factors of w.
3, 241
Let a(r) = -r**3 - 14*r**2 - 3*r - 32. Let z be a(-14). What are the prime factors of z/((-3)/(-21)*2)?
5, 7
Suppose 2*u - 3803 = 5*x, 2*u - 5*u - 4*x + 5762 = 0. List the prime factors of u.
2, 3, 11, 29
Suppose 3*k - 11639 = -5*p, 0 = 3*p - 4*k - 8854 + 1888. List the prime factors of p.
2, 1163
Suppose 0 = 2262*i - 2259*i - 672. What are the prime factors of i?
2, 7
Let u(a) = -a**2 - 5*a + 9. Let k be u(-6). Suppose 0 = s - 5*n - 112, 2*s + k*n - 211 + 13 = 0. What are the prime factors of s?
2, 3, 17
Let u = -4565 - -6983. List the prime factors of u.
2, 3, 13, 31
Suppose 0*q = 3*q - 2478. List the prime factors of q.
2, 7, 59
Let k = -14 - -11. Let f be 39/52 + k/4. Suppose -5*a + a + 52 = f. What are the prime factors of a?
13
Let r = 857 - 395. What are the prime factors of r?
2, 3, 7, 11
Let g = -6 - -8. Let b = -38 + 70. Suppose b = -g*d + 102. List the prime factors of d.
5, 7
Let w(u) = 27*u + 199. What are the prime factors of w(31)?
2, 7, 37
Suppose -x = -5*x + 36. List the prime factors of 64 + 0 + x/(-9).
3, 7
What are the prime factors of (2 - -410)*((-31)/(-4) + -3)?
19, 103
Let y(v) = 24*v**2 - 7*v - 4. Let m be 3*(-5 + 26/6). List the prime factors of y(m).
2, 53
Let i(u) = -1266*u + 49. List the prime factors of i(-2).
29, 89
Suppose -20*a + 713 + 3787 = 0. What are the prime factors of a?
3, 5
Let p be -4 + 5/10*8. Suppose p = -13*v + 11*v + 8. List the prime factors of v.
2
Let n = 56 + -27. List the prime factors of (4/(-1) + n)*1.
5
Let f be ((-120)/(-18))/((-4)/(-18)). Let u be 135/25*f/9. What are the prime factors of (u/(-21))/(5/(-210))?
2, 3
Let l be 3/2*56*2. Suppose 0 = 5*o + 3*w - 171, -l = -5*o - 0*w - 4*w. List the prime factors of o.
2, 3
Suppose 11*u - 8*u = 1122. List the prime factors of u.
2, 11, 17
Let k = 167 - 32. What are the prime factors of k?
3, 5
Let f(c) = 11*c**3 - c**2 - c + 1. Let o be f(1). Suppose r + a + o = 68, 2*a = -4. List the prime factors of r.
2, 3, 5
List the prime factors of (-11328)/(-15) - (-24)/(-120).
5, 151
Suppose -4*y + 105 = k - 734, -2*y + 424 = 2*k. List the prime factors of y.
11, 19
Let a = 295 - 32. What are the prime factors of a?
263
Let h(z) = z**2 - 1. Let v(n) be the first derivative of n**4/4 + 3*n**2/2 + 5*n - 3. Let l(q) = -h(q) - v(q). What are the prime factors of l(-3)?
23
Let m(h) = 9*h**2 - 18*h + 41. List the prime factors of m(17).
2, 73
Suppose -2*y + 4*y + 20720 = 5*v, 0 = -5*v + 5*y + 20735. What are the prime factors of v?
2, 19, 109
Let f = -17 + 19. Suppose 0*d - 36 = f*d. List the prime factors of 4/d - (-580)/18.
2
Let w be 1640/4*2/4. Suppose h - b - 39 = 0, 5*b = -h - 4*h + w. Let c = h + -17. List the prime factors of c.
23
Let j(c) = 12*c**2 - c + 3. Let f = 43 + -45. What are the prime factors of j(f)?
53
Let x(l) = 14*l + 1. Suppose -4*r + 1 = 3*t - 35, -5*t = 4*r - 28. Suppose -4*p + 0 = -r. What are the prime factors of x(p)?
43
Suppose 4*f - 497 - 443 = 0. Let r = f - 89. What are the prime factors of r?
2, 73
Let q = 118 - 80. Suppose q = v - 66. What are the prime factors of v?
2, 13
List the prime factors of (264/15)/((-50)/(-3875)).
2, 11, 31
Let w = 22 - 20. Suppose -3*d = w*d - 4*a - 231,